rime factors of k(3)?
3, 5, 23
Suppose 3*v - 6*v + 126 = 0. Let w = v - 27. What are the prime factors of w?
3, 5
Let d be (-1)/2 - 39/6. Let j(l) = -3 + 7 + 0*l**2 - l**2 - 7*l. What are the prime factors of j(d)?
2
Let l(p) = -p**3 + 5*p**2 + 10*p - 5. What are the prime factors of l(6)?
19
Suppose -6*h = -2*h - 16. Suppose 4*r = -2*d + 86, 1 = -r - h*d + 5. Suppose i = -3*o + r, -2*o - 3*i = -4*o + 16. What are the prime factors of o?
2
Let c(u) be the third derivative of -4*u**2 + 3/2*u**3 + 0 + 2/15*u**5 + 1/3*u**4 + 0*u + 1/120*u**6. What are the prime factors of c(-7)?
2
Suppose -3*j - 70 = 2*j. Let a = 33 + j. List the prime factors of a.
19
Suppose 400 = -4*w + 5*w. List the prime factors of w.
2, 5
Suppose -2*w = 3*m + 2, -w - 8 = w. Suppose -2*z = 10, -d + 2*d + m*z + 11 = 0. List the prime factors of 1/d*7/(-1).
7
Suppose -6 = 3*u, -83 = -0*h - h - 2*u. List the prime factors of h.
3, 29
Let n be 10/(-2*(1 + -2)). Let r be (2/n)/((-3)/(-45)). What are the prime factors of r + -7 + 32/2?
3, 5
Suppose -516 = 4*n - 7*n. What are the prime factors of n?
2, 43
Let g be ((-3)/6)/(1/12). Let u be 42 - 2/g*0. Suppose 0 = 3*a, -5*r + 4*a + u = -8. List the prime factors of r.
2, 5
What are the prime factors of (357/(-28))/((-3)/8)?
2, 17
Let j be (-7)/1 - (-1 + 0). Let u be (3 - -1)/((-2)/j). Let i = u - 5. What are the prime factors of i?
7
Let r = -3 + -16. Let j = -7 - r. Suppose 2*u - 8 = -2*u - 2*h, -2*u + j = -3*h. List the prime factors of u.
3
Let p = -28 + 95. Suppose -3*k - p = -2*q - 4, q - 2*k = 34. What are the prime factors of q?
2, 3
Suppose -3*a + 4*s + 4 = -a, -4*a - s - 19 = 0. Let u(x) = x**2 + 2*x - 4. List the prime factors of u(a).
2
Let y = 1 - 4. Let d be (-372)/(-9) - 2/y. Let c = 61 - d. What are the prime factors of c?
19
Let o = -32 + 38. List the prime factors of o.
2, 3
Let o(g) = 138*g**3 + g**2 - g + 1. List the prime factors of o(1).
139
Let x(u) = -u**3 + 15*u**2 + 17*u + 5. List the prime factors of x(16).
3, 7
Let h(c) = -11*c - 2. Let w be h(-6). Let v(s) = s - 14. Let x be v(8). List the prime factors of ((-9)/x)/(6/w).
2
Suppose -2*m - m - 2*x + 424 = 0, -m = -4*x - 118. List the prime factors of m.
2, 3, 23
Suppose -4*k = h - 13, 2*k + 4*h = -0*k + 10. Suppose k*f - 3*c = 30, c - 12 = 4*c. What are the prime factors of f?
2, 3
Suppose -2*q = -12 + 2. Suppose 0 = 4*t + 2*c - 44, -q*c - 5 = -3*t + 28. List the prime factors of t.
11
Let o = -3 - -5. Suppose -14 = o*u - 4*u. Let w(a) = -a**2 + 7*a + 7. List the prime factors of w(u).
7
Suppose 0*u = -u + 25. Let n = -11 + u. List the prime factors of n.
2, 7
List the prime factors of ((-20)/5)/((-2)/12).
2, 3
Let c = -25 - -16. Let d(m) = -m - 4. What are the prime factors of d(c)?
5
Suppose -2*q - 1 = -5. Suppose 5*s - f + 34 = 3*f, 3*f = q*s + 15. List the prime factors of ((-3)/s)/((-1)/(-18)).
3
Let f = 201 + 132. List the prime factors of f.
3, 37
List the prime factors of (-508)/(-14) - (-4)/(-14).
2, 3
Suppose 4*d + 3*t - 72 = 0, t + 12 = -4*d + 92. Let a be 2/8 - d/(-12). What are the prime factors of (a - 4)/((-2)/20)?
2, 5
Suppose 0 = -2*u - 3*w + 360, 8*w = -3*u + 6*w + 540. List the prime factors of u.
2, 3, 5
Suppose -p - 4*z - 38 = -2*z, -4*p - 122 = 2*z. Let g = -12 - p. What are the prime factors of g?
2
Let j = 0 + -3. Let h(q) = q**3 + 4*q**2 + q - 2. Let k be h(j). Suppose -k = -2*u + 34. What are the prime factors of u?
19
Suppose 3*z = 5*g + 7, -z - 3*g = g + 26. Let c = 8 + z. What are the prime factors of c?
2
Suppose 0 = 5*n - 2*b - 6 + 45, 0 = 2*n + 5*b + 4. Let g(k) = k**3 + 9*k**2 + 7*k + 3. List the prime factors of g(n).
2, 13
Let h(a) = a + a**3 - 2*a + 7*a**2 + 5*a. Suppose -8*t = -3*t + 30. List the prime factors of h(t).
2, 3
Suppose -2*r - 65 = -2*u + 11, -r = -3*u + 112. What are the prime factors of u?
37
Let b = 31 - 4. List the prime factors of b.
3
Let y be (-2)/12 + 1011/18. List the prime factors of (-3)/(-2)*y/12.
7
Suppose -2*c + c + 2*t + 7 = 0, 3*c + 2*t = 13. Suppose 0 = k - 1, c*k + 27 = 4*n - 12. List the prime factors of n.
11
Let q(s) = s**3 + 5*s**2 + 3*s. Let g be (-5 + 6)*3/(-1). What are the prime factors of q(g)?
3
Let k = -38 - -61. Let w(m) = -5*m - 1. Let d be w(-3). Let r = k - d. What are the prime factors of r?
3
Let b(o) = o**3 + 6*o**2 - 8*o + 2. Let m be (-3)/((-1)/(-2) - 0). What are the prime factors of b(m)?
2, 5
Suppose 0 = 17*z - 214 - 653. List the prime factors of z.
3, 17
List the prime factors of (-127)/(-2) - 16/32.
3, 7
Let t = 27 - 21. What are the prime factors of t?
2, 3
Suppose -4*v = -4*q + 2*q + 22, 17 = -4*v + q. Let d be (-4 - v)/(1/(-10)). Suppose 2*k = k + d. What are the prime factors of k?
2, 5
Suppose -2*b - 2*b = 20. What are the prime factors of (-82)/b - (-10)/(-25)?
2
Let i = -28 + 43. List the prime factors of i/12 - (-3)/4.
2
Let y = 7 + -2. Suppose y*x - 4 = 56. List the prime factors of x.
2, 3
Let g(h) = -3*h**2 - 3*h. Let c be g(-3). List the prime factors of (-1)/((-2)/(c/(-1))).
3
Suppose 2*h = -5*y + 3*h + 28, 3*h + 9 = 0. List the prime factors of 2/(-4)*(-190)/y.
19
Let n(y) = 16*y - 6. Let t be n(6). Let v = t - 58. What are the prime factors of v?
2
What are the prime factors of 234/4*28/42?
3, 13
Let a = 286 - 142. Suppose 4*x = 5*m + 116, -2*m = 6*x - 2*x - a. What are the prime factors of x?
2, 17
Let a = -129 - -187. List the prime factors of a.
2, 29
Let h = 7 - 5. Let a(i) = -3*i - h*i**2 + i**2 + 3*i**2 + 2. What are the prime factors of a(2)?
2
Let h(y) = 3*y - 4. Let g(s) = s**2 + 8*s - 11. Let b(w) = 4*g(w) - 11*h(w). Let o be (-2)/(-9)*3*-3. What are the prime factors of b(o)?
2, 3
List the prime factors of 102 + (-2 - -9) + -5.
2, 13
Suppose -2*x - 52 = 5*u, 5*x - 45 = 6*u - u. Let d = -3 - u. List the prime factors of d.
7
Suppose 50 = 5*a - 5*y, 2*y + y = -3*a + 48. Suppose -4*z + 4*c + 60 = z, z - c = a. What are the prime factors of z?
2
Suppose -c - 3*b + 241 = 0, 2*c = -13*b + 11*b + 482. What are the prime factors of c?
241
Let h(b) = b**2 + 10*b - 9. Let k be h(-11). Let l(d) = 1 - 4*d**k + d**3 + 11*d**2 + 9 + d. What are the prime factors of l(-7)?
3
Let w(b) = 21 + 23 - 9 - b. What are the prime factors of w(16)?
19
Suppose -3*d = -2*s + 363, -4*d - 96 = s - 261. What are the prime factors of s?
3, 59
Let y(s) = -s**3 - 4*s**2 + s + 20. Let n(c) = 2*c**3 + 7*c**2 - 2*c - 41. Let u(w) = 6*n(w) + 13*y(w). List the prime factors of u(-10).
2
Let c(v) = -v + 58. Let t be c(0). Suppose t - 14 = 4*y. What are the prime factors of y?
11
Suppose -32 = -2*y - 4*q, 0 = y + 2*q - 6*q - 28. Suppose 4*s + s + y = m, 0 = -4*m - 3*s + 11. List the prime factors of ((-14)/(-35))/(1/m).
2
Suppose -2*t - 5*f + 37 = -68, 4*t - 4*f = 168. List the prime factors of t.
3, 5
Let z(t) = -t. Let o be z(-8). Suppose -4*d - 5*q = -209, -o*d + 240 = -3*d + 2*q. What are the prime factors of d?
2, 23
Let q(n) = -n**2 - 4*n. Let o be q(-4). Suppose 4*u - 69 + 1 = o. What are the prime factors of u?
17
Let b = -13 + 32. What are the prime factors of b?
19
Suppose 0 = 5*h + 5*r - 1190, h - r - 226 = r. List the prime factors of h.
2, 3, 13
Let p(k) = k**2 + 7*k - 2. Let v be p(-7). Let t = 1 - v. Suppose 3*l - 15 = 0, -t*m + 6*m + 3*l = 60. List the prime factors of m.
3, 5
Let t be -2 + 2 - (-21)/3. Let h(r) = 5 + 6 + 3 - r. What are the prime factors of h(t)?
7
Let t(x) = 3*x**3 - x**2 + 4*x - 7. What are the prime factors of t(3)?
7, 11
Let y(c) = 36*c**2 - 4*c + 1. What are the prime factors of y(1)?
3, 11
Let m(b) = -b + 2. Let i be m(-2). Let u = i - 6. What are the prime factors of (u + -2)*(-17)/4?
17
Let u(x) be the third derivative of 0 + x**2 + 1/3*x**4 + 0*x - 1/6*x**3. What are the prime factors of u(1)?
7
Let f(u) = -u**3 - 6*u**2 - 6*u - 3. Let t be f(-5). List the prime factors of 1/t*2*9.
3
Suppose 2*b = -2*a + 4, 0 = -b + a + 1 + 5. What are the prime factors of (-1)/(b/(-17*4))?
17
Suppose -u - 60 = -d - 2*u, 3*d - 3*u = 168. Suppose 0 = -4*o + n - 28, d = -5*o + 3*n + 16. List the prime factors of (16 - (3 + o)) + -2.
17
Let r(y) = 13*y. Let l(n) = -12*n - 1. Let h(a) = -6*l(a) - 5*r(a). What are the prime factors of h(3)?
3
Let p(s) = -s**3 + 9*s**2 - 7*s - 6. Let q be p(8). Suppose q*f + 216 = 5*f. Suppose 7*i = 3*i + 2*u + f, 4*i - 